 -f + m + 5649, m = 3*f - 24395. What is the thousands digit of f?
8
Let y(n) = 2*n**2 + 5*n - 4. Let x be y(1). Suppose x*o = -4*k + 1010, o + 4*o - 4*k - 1662 = 0. What is the units digit of o?
4
Suppose c = -27*i + 26*i + 7, -5*i + c = -11. Suppose -28*t + 13361 = i*t. What is the hundreds digit of t?
4
Suppose -4*z + 15205 = 5*y, 8*z - 13*z + 18960 = -3*y. What is the hundreds digit of z?
7
Suppose 24*i = 19*i. Suppose i*d = 5*d - 330. Let h = 94 - d. What is the units digit of h?
8
Let q(y) = -y**3 + 42*y**2 + 64*y + 40. What is the thousands digit of q(28)?
2
Let c(w) = w**2 - 12*w + 32. Let r be ((-24)/15)/((-1)/(10/2)). Let l be c(r). What is the hundreds digit of (l - (-5 + 4))*223?
2
Let l(g) be the second derivative of -g**5/20 - 5*g**4/6 + 9*g**3/2 - 19*g**2 + 7*g - 3. What is the tens digit of l(-13)?
1
Let f(v) = -3 - 11*v**2 + 4*v**2 + 9*v**2 - 4*v - 1107*v**3. What is the hundreds digit of f(-1)?
1
Suppose 0*f - 3*f = -330. Suppose 3*y - f - 271 = 0. Suppose 92 = 3*r - y. What is the tens digit of r?
7
Let g(n) = -2*n**2 - 314*n - 790. What is the tens digit of g(-121)?
2
What is the thousands digit of 4590 - 12/((-60)/(-65))?
4
Suppose -2*c + 5 = 3*b - 2*b, -4*b - 10 = -2*c. Suppose 12 - 18 = -c*k. Suppose 5*j - k*s + 1 - 55 = 0, 0 = -5*s + 15. What is the units digit of j?
2
Suppose 0 = -57*i + 96524 + 7387. Let k = -1293 + i. What is the tens digit of k?
3
Suppose 4*q = -o + 50, 2*o + 0*o + 30 = 2*q. Let m = -13 + q. Suppose m = 26*b - 36*b + 2630. What is the tens digit of b?
6
Let k(q) = 9*q**2 + 7*q - 3. Let d be k(-5). Suppose 10*r - d = 1263. What is the units digit of r?
5
Suppose 0 = 4*u - 3*d - 0*d - 4875, 4867 = 4*u + 5*d. Suppose -598 = -8*i + u. What is the units digit of i?
7
What is the units digit of 486*(2110/60 - 18)?
3
Let j(g) = -56*g**2 + 14*g + 3. Let k(l) = -56*l**2 + 11*l + 4. Let n(p) = 4*j(p) - 5*k(p). What is the units digit of n(2)?
8
Suppose -3*l + 5 = 4*p - 2, 2*p - l = 11. Suppose 12 = p*s + 2*w, -9 = -5*s + 2*s + 4*w. What is the tens digit of 3 + 3 + -3 - -87 - s?
8
Suppose -25 = 5*w, -10845 = -2*y - w + 26988. What is the tens digit of y?
1
Suppose 0 = -h - 49 - 40. Let a = -56 - h. Suppose -2*q - a = -0*w - w, w - 53 = -3*q. What is the units digit of w?
1
Let q = -36 - -36. Suppose -12*d + 139 - 19 = q. Suppose d = 5*s - 65. What is the units digit of s?
5
Suppose 731*a - 1505554 = 697*a. What is the thousands digit of a?
4
Let u = -2128 + 11550. What is the tens digit of u?
2
Let z = 34 + -29. Suppose -u - h - 4 = -14, 2*u - 3*h + z = 0. What is the units digit of -6*4/(-12) - -25*u?
7
Suppose -37*z + 527701 + 842778 - 137195 = 0. What is the tens digit of z?
3
Let i = -16638 + 51948. What is the thousands digit of i?
5
Let a(o) = 2*o**3 + 13*o**2 + 7*o. Let z be a(-6). Let x(l) = l**2 + 2*l + 8. Let y be x(z). Suppose -3*d = -7*d + y. What is the units digit of d?
8
Let p(f) = 2*f**2 + 4*f - 4. Let q be p(-3). Let k(x) = -x - 1 + 19 + q*x. What is the units digit of k(-6)?
2
Suppose 4*w - 10*w = -24. Suppose -x - 32 = 3*u - 824, u = -w*x + 3190. What is the tens digit of x?
9
Suppose 2*q = q + 7. Suppose -q*z + 6*z = -1160. Suppose 0 = 3*c - z + 362. What is the units digit of c?
6
Let q = 3303 - -4911. What is the thousands digit of q?
8
Let j(v) = v**3 - 13*v**2 - 252. What is the thousands digit of j(20)?
2
Suppose 0 = -7*t + 10*t. Suppose -g + 620 = -3*r, 5*g - 5*r + 1427 - 4507 = t. What is the hundreds digit of g?
6
Let n be 2 + 1 + 3 + 8/(-2). Let s be -1*(n - 6) - (1 - 15). Suppose 2*w - 90 = s. What is the units digit of w?
4
Suppose 84*c = 79*c + 12475. Suppose 76*g - 71*g = c. What is the hundreds digit of g?
4
Let f = 20834 + 44857. What is the thousands digit of f?
5
Let a(s) = -s**3 + 9*s**2 - 2*s + 22. Let r be a(9). Suppose 0*i + r*n + 95 = i, -2 = n. What is the units digit of i?
7
Let k(z) = -3*z + 3. Let h be k(4). Let t(n) = 4*n + 72. What is the units digit of t(h)?
6
Suppose 6*o + 5*o - 5786 = 0. Suppose 0 = -3*k - 166 + o. What is the tens digit of k?
2
Let b = -6067 - -49579. What is the thousands digit of b?
3
Suppose 0 = -5*k + 10*k. Suppose -2*j + 8 = -k*j. Suppose 0 = j*u - 8*u + 124. What is the tens digit of u?
3
Let k(a) be the second derivative of -20*a**3/3 - 10*a**2 + a - 31. What is the tens digit of k(-5)?
8
Let d = -59 + 116. Suppose k + 52 = d. Suppose a + 28 = 3*z + 108, -k*a = -3*z - 436. What is the tens digit of a?
8
Let z(a) = -13*a - 30. Let v be -2 + (4 + -4)/1. Let g(o) = -7*o - 15. Let s(p) = v*z(p) + 5*g(p). What is the units digit of s(-7)?
8
Suppose -3*y + 100711 = -5*t, -473*y + 471*y + t = -67150. What is the tens digit of y?
7
Let n(l) = -78*l**3 + 2*l**2 + 5*l + 6. Let q be n(-4). Suppose 0 = -6*c - 4*c + q. What is the tens digit of c?
0
Let z = 42567 + -12494. What is the ten thousands digit of z?
3
Let u(t) be the first derivative of 11*t**4/8 - 4*t**3 - 27*t**2/2 + 37. Let n(r) be the second derivative of u(r). What is the hundreds digit of n(4)?
1
Let w = 466 - -107. What is the tens digit of w?
7
Let s(t) = 14*t + 480. What is the units digit of s(-32)?
2
Suppose 3*h - 51 = -33. What is the units digit of (-3)/(-18)*h - -80?
1
Let p be (-2)/(-5) + (-6)/45*-12. Suppose -2*k = -c + 2, -6*c + 2*c = p*k - 48. Suppose -2*m + c = 0, -5*m + 130 = 5*t - 15. What is the tens digit of t?
2
Suppose 23*o = 22 + 93. Suppose -4*m - 2*a + 606 = 0, o*m + 2*a - 249 - 509 = 0. What is the hundreds digit of m?
1
What is the units digit of (-402)/1407 - (-2510404)/28?
7
Suppose 16*s = 5*s - 1529. Let p = s + 328. What is the hundreds digit of p?
1
Let g(u) = -272*u + 139*u - 71 + 137*u. What is the units digit of g(18)?
1
What is the thousands digit of ((-10987)/(-2))/(48/96)?
0
Let x be (-150)/(-20) + (-6)/4. Let i(j) = j**3 - 5*j**2 - 6*j + 1. Let z be i(x). Suppose -7*p = -6*p - z. What is the units digit of p?
1
Suppose -4*p + t + 843 - 83 = 0, -2*t - 950 = -5*p. Let w = p + 27. Suppose w = 4*u - 499. What is the units digit of u?
9
Let o be (4/6)/(6*3/54). Suppose 2*a - 15 = 2*i - 5*i, -o*i + 3 = -a. Suppose u - 4*u - 3*w + 114 = 0, 0 = u - i*w - 18. What is the units digit of u?
3
Let f = 8229 + 4457. What is the ten thousands digit of f?
1
Let j be 3 - ((-4)/4)/((-2)/(-1318)). Let t = 1150 - j. Suppose -27*s = -23*s - t. What is the hundreds digit of s?
1
Let f(t) be the first derivative of -t**4/6 + 17*t**3/3 - 9*t**2 + 25*t + 33. Let v(g) be the first derivative of f(g). What is the hundreds digit of v(12)?
1
Let d = -78842 + 113650. What is the hundreds digit of d?
8
Suppose 4*z + 304 = 4*j, 8*z = 5*z + 4*j - 224. What is the tens digit of z/200 - (-174)/10?
1
Let q = -487 - -490. Suppose u - 636 = -q*f, -u = -1 - 2. What is the hundreds digit of f?
2
Let w = 125 + -121. Suppose -4*v + 968 = w*k, -3*k + 2*v + 720 = -v. What is the hundreds digit of k?
2
Suppose 0 = i - 0*i - 3. Let c be -6*(-11 + 64/6). Suppose i*l - c*l = 94. What is the units digit of l?
4
Let g(h) = 2*h**2 + 4*h + 3. Let k be 0/(-4) - 2/1. Let s be g(k). Let j(v) = v**3 - 2*v**2 - 4. What is the units digit of j(s)?
5
Suppose -3*t - 2835 = 2*a - 6*t, 0 = 5*a + t + 7079. Let x = a - -2389. What is the tens digit of x?
7
Suppose -3*x - 9 = -2*m, m + x = -2*m - 3. Suppose m = 7*d - 10*d + 1134. Suppose l - 8*l = -d. What is the tens digit of l?
5
Suppose k - 109 = -11*x + 10*x, k - 99 = -3*x. What is the units digit of k?
4
Suppose -5*a = 12*a + 306. Let y(k) = k**2 + 15*k - 40. What is the units digit of y(a)?
4
Suppose 2*m - 18324 = 2*z, -39*z + 38*z = -3*m + 27480. What is the tens digit of m?
5
Suppose 16*j + 41 - 1001 = 0. What is the units digit of (-2200)/j*9/(-2)?
5
Let p = 81 - 81. Suppose p = 4*c - 8, -2*c - 62 = 4*w + c. Let u(j) = -3*j + 18. What is the units digit of u(w)?
9
Let s = -13234 + 37013. What is the ten thousands digit of s?
2
Let l be 123/369 - 1/(3/(-14)). Suppose 546 - 1998 = -4*i - 4*f, 2*i - 698 = l*f. What is the hundreds digit of i?
3
Let x(o) be the second derivative of o**4/12 - 11*o**3/6 - 327*o**2/2 - 7*o + 5. What is the units digit of x(-20)?
3
Let i(r) = 9*r - 72. Let l be i(8). Suppose l = -19*b - 2310 + 10518. What is the hundreds digit of b?
4
Suppose -12*p - 36 = -120. Let l = 11 - p. Suppose -418 = -l*x - 34. What is the tens 